ose -u + i = -531, 8*i - 12*i + d = 5*u. What is the highest common factor of 41 and u?
41
Suppose 2 = -0*k - k, -5*k - 208 = -3*t. Let d(n) = -n**3 - 5*n**2 + 92*n + 431. Let f be d(-10). Calculate the greatest common divisor of t and f.
11
Let j be 5 - 0 - (0 + 0). Suppose -4*w + 2*w - 634 = -4*r, -j*r = -4*w - 800. Suppose -v - 11*v = -r. Calculate the greatest common factor of v and 39.
13
Suppose 20*h + 4*o + 176 = 15*h, -4*o = -4*h - 112. Let f be h/10 + 4 - (-230)/25. What is the highest common divisor of 4 and f?
2
Let m = -163 - -167. Suppose -m*p = -229 - 1051. What is the greatest common factor of 192 and p?
64
Suppose 3*j = 7*j - 1056. Let r = 493 + -469. Calculate the greatest common divisor of j and r.
24
Suppose 0 = 5*u + 3 + 17, -3*q = 4*u - 614. Suppose -16 = 5*p + 9. Let o be 1 + (3 - (-43 - p)). What is the highest common factor of o and q?
42
Suppose 2*v + 6*f - 148 = 10*f, 384 = 6*v + 3*f. What is the highest common divisor of 440 and v?
22
Suppose -13 + 184 = 16*i + 11. Suppose 0 = -z - 4*c + 56, 140 = 2*z + z + 5*c. Calculate the highest common divisor of z and i.
10
Let c be ((-1)/1)/(-1*(-8)/(-16)). Suppose -c*r + 34 = -34. Suppose -4*w = -4*y + 140, -5*y - 2*w - r = -202. What is the greatest common divisor of y and 170?
34
Let f = 29726 + -26602. Calculate the highest common factor of f and 44.
44
Let l = -761 - -809. Suppose 196 = 9*w + 52. Calculate the greatest common divisor of l and w.
16
Suppose 188*q + 12242 - 8384 = 40706. Calculate the greatest common divisor of 18 and q.
2
Let l be 5 + 5 - (-2)/(-2) - (-4 + 5). What is the highest common factor of 5304 and l?
8
Let j(l) = -l**2 - 104*l - 285. Let o be j(-99). What is the highest common divisor of 78 and o?
6
Suppose -2*w - 64 = 5*u + 216, 5*u - 470 = 3*w. Let p = -2 - 2. Let j be ((-5)/(30/p))/((-4)/w). Calculate the greatest common factor of j and 50.
25
Let q(t) = 15*t + 577. Let w be q(-37). What is the greatest common factor of 4279 and w?
11
Suppose -v - 66 - 148 = 0. Let o = v - -310. Calculate the highest common divisor of o and 64.
32
Let d = -15412 - -15688. Calculate the greatest common factor of 78 and d.
6
Let w(r) = 180*r - 204. Let v be w(7). Calculate the highest common factor of 88 and v.
88
Suppose -5*p + 27 + 23 = 0. Suppose t - 6*t = 5*o - 55, -2*o - 5*t + p = 0. What is the greatest common factor of 5 and o?
5
Let s(v) = v**3 - 8*v**2 + 13*v + 14. Let y be s(7). Let w = 30 - 16. Suppose 0*k = k - w. What is the greatest common divisor of k and y?
14
Let r(u) = -1643*u - 38. Let z be r(-1). Let l = -831 + z. What is the greatest common factor of l and 18?
18
Let d(h) = 6*h + 9. Let t be 1/(-2) - ((-22)/(-4) + 0). Let w be -1 + 3 + -4 - t. Let a be d(w). What is the greatest common factor of 44 and a?
11
Suppose -4843 = -6*z - 25*z + 18593. Calculate the greatest common divisor of z and 462.
42
Let a(z) = -249*z + 14874. Let m be a(58). Let o = 77 - 45. Calculate the greatest common divisor of o and m.
16
Let a = -14071 + 14135. Calculate the greatest common factor of a and 5024.
32
Let y(q) = -q**3 - 39*q**2 - 160*q - 80. Let c be y(-37). What is the highest common factor of c and 66?
66
Let u(d) be the first derivative of -d**3/3 - 23*d**2/2 - 113*d - 68. Let t be u(-12). What is the greatest common factor of 1 and t?
1
Suppose -12 = -2*l - 14, 20 = -o - 2*l. Let a be (-3)/((-81)/o)*-198. What is the highest common factor of 363 and a?
33
Suppose 1481 + 898 = 84*w - 1149. Calculate the greatest common divisor of 39 and w.
3
Let o(p) = 2*p**2 + 60*p - 26. Let x be o(-25). Let n = x + 353. Calculate the highest common factor of 847 and n.
77
Let p = 2086 - 1644. What is the greatest common divisor of p and 1360?
34
Let y be (2 - 28)/(14/(-7)). What is the highest common divisor of 1495 and y?
13
Suppose 5*i = -5*u, 3*i + 2*i = -10. Let c be 8/u*2/4. Suppose 0 = -62*a - 37*a + 792. Calculate the highest common divisor of c and a.
2
Let h be (-246)/(-33) + (-30)/(-55). Suppose -2*w = 2*w. Let f be 8 + 4 - (0 + w). Calculate the greatest common factor of f and h.
4
Let v(i) be the first derivative of 1/2*i**2 - 1/4*i**4 - 5/3*i**3 + 7*i - 4. Let m be v(-5). Calculate the highest common factor of 22 and m.
2
Let l be (5544/(-70))/18*-5. What is the greatest common factor of l and 3025?
11
Let d(c) = 25*c**2 - 13*c - 551. Let h be d(-18). Calculate the greatest common divisor of h and 43.
43
Let k(s) be the first derivative of 2*s**2 - 30*s - 69. Let v be k(12). Suppose 4*r - 6 = 3*r. What is the greatest common factor of r and v?
6
Let q be 3061 + (-1 + (-14)/(-12) - 2090/660). What is the greatest common factor of 33 and q?
11
Let t = 635 - 614. Suppose -282 = -2*v + 264. Calculate the greatest common divisor of v and t.
21
Let m(w) = -w**2 - 54*w + 1231. Let v be m(17). Calculate the highest common divisor of 54 and v.
6
Suppose 0 = 351*v - 382*v + 3224. Suppose 0 = -4*u + 4*x + 96, -42 = -2*u - 4*x + 18. What is the greatest common divisor of u and v?
26
Suppose 31 = -i - 4*n + 85, -i + 19 = -3*n. Let c = i - 31. Suppose -c*p - 13 = -2*z, 4*p + 7 + 13 = 3*z. Calculate the highest common divisor of z and 1.
1
Let s be (-90)/(-11) - (175/55 + -3). Suppose 1416 = -0*d + s*d. Calculate the highest common factor of d and 118.
59
Suppose -q + 30 = -2*b, 4*q - 6*b - 150 = -8*b. Suppose -2*x - 114 = -i, -5*i - 6*x + x + 615 = 0. Calculate the highest common factor of q and i.
12
Suppose -227*o = -138*o - 2225. Calculate the greatest common factor of 1475 and o.
25
Let z = 242363 - 242351. Suppose 2*f - 3*s - 85 = 86, 5*f + s = 419. Calculate the highest common divisor of f and z.
12
Suppose 1 = -0*b - b - a, -4*b - 2*a + 2 = 0. Suppose -82*v + 578 + 488 = 0. What is the greatest common divisor of v and b?
1
Let z(p) = -4*p - p**2 + 1 - p - p + 3*p**2. Let r be z(4). Let j be 447/r - (0 - 2/6). Calculate the greatest common factor of 20 and j.
10
Let q = 124 + -137. Let m(t) = t**3 + 14*t**2 + 15*t + 27. Let d be m(q). Calculate the greatest common divisor of d and 17.
1
Suppose 4*w - m - 1993 = 0, 7*m = -26 + 19. What is the greatest common divisor of w and 332?
166
Let k(t) = 2667*t + 996. Let g be k(4). Calculate the greatest common factor of g and 72.
72
Suppose -2*h - 2*h + 92 = 3*o, -3*o = -12. What is the highest common divisor of h and 1770?
10
Let v(m) = 4*m + 4. Let b be v(7). Suppose -4*y = a - 60, -23*y + 261 = 4*a - 28*y. Calculate the greatest common factor of a and b.
32
Let r(l) = -9*l**2 + 49*l - 15. Let n be r(5). Suppose -f + 321 = 2*s - 281, 3*s - 910 = -n*f. What is the greatest common divisor of 180 and s?
60
Suppose 4*l - 298 = 2*r, -3*r = 38*l - 33*l - 345. Let g(n) = n**2 + n + 18. Let y be g(0). What is the greatest common factor of y and l?
18
Let a(w) = -3*w + 3*w**2 + 3*w**2 - w**3 + 1 - 3*w. Let l be 126/30 - 13/65. Let q be a(l). Calculate the greatest common divisor of 63 and q.
9
Let l = -27 - -63. Let s = -20 + l. Suppose -s - 11 = -y. Calculate the greatest common factor of y and 9.
9
Suppose -2175 = -172*n + 2521 + 2356. Calculate the greatest common divisor of 8897 and n.
41
Let r(s) = 4*s + 2. Let z be r(2). Suppose -2*f = -f - 2. Let u be ((-25)/(-5))/(1/f). What is the highest common factor of u and z?
10
Let k = 564 + -694. Let o be (1404/k)/(-2*9/120). What is the greatest common divisor of 180 and o?
36
Suppose 0*f - 2*f = 3*o - 163, -5*f = -2*o - 379. Suppose 0 = 4*u - 23 + 15, d - 1 = 3*u. Calculate the highest common divisor of f and d.
7
Let f be (-6)/(-21) + 340272/238. What is the greatest common factor of 52 and f?
26
Let n = 211 - 191. Suppose 102 = 23*x - n*x. What is the greatest common factor of x and 2?
2
Suppose 2*c - z - 2647 = 0, 5*c - 38*z = -41*z + 6645. Calculate the highest common divisor of 306 and c.
102
Let x = 12568 + -5113. Calculate the greatest common factor of x and 60.
15
Let d = -38552 + 39792. Calculate the highest common divisor of 320 and d.
40
Suppose 344 = 31*k + 127. What is the greatest common divisor of k and 721?
7
Let m be ((-930)/(-248))/((-9)/(-21576)). Calculate the highest common divisor of m and 62.
62
Suppose 0 = -2*c + 8 - 6. Let w be 10/7*(8 + -1). Suppose -r + w = r. Calculate the highest common factor of r and c.
1
Suppose 5*k - 4*i = -2*i - 499, 3*k = i